{"id":1986,"date":"2025-03-08T19:29:34","date_gmt":"2025-03-08T19:29:34","guid":{"rendered":"https:\/\/oikos-schoetz.ch\/wordpress\/?page_id=1986"},"modified":"2025-03-08T19:45:46","modified_gmt":"2025-03-08T19:45:46","slug":"angebot","status":"publish","type":"page","link":"https:\/\/oikos-schoetz.ch\/wordpress\/angebot\/","title":{"rendered":"Angebot"},"content":{"rendered":"\t\t<div data-elementor-type=\"wp-page\" data-elementor-id=\"1986\" class=\"elementor elementor-1986\" data-elementor-post-type=\"page\">\n\t\t\t\t<div class=\"elementor-element elementor-element-dcdfa5e e-flex e-con-boxed wpr-particle-no wpr-jarallax-no wpr-parallax-no wpr-sticky-section-no e-con e-parent\" data-id=\"dcdfa5e\" data-element_type=\"container\">\n\t\t\t\t\t<div class=\"e-con-inner\">\n\t\t\t\t<div class=\"elementor-element elementor-element-ee85c1b elementor-widget elementor-widget-heading\" data-id=\"ee85c1b\" data-element_type=\"widget\" data-widget_type=\"heading.default\">\n\t\t\t\t<div class=\"elementor-widget-container\">\n\t\t\t\t\t<h2 class=\"elementor-heading-title elementor-size-default\">Angebot<\/h2>\t\t\t\t<\/div>\n\t\t\t\t<\/div>\n\t\t\t\t\t<\/div>\n\t\t\t\t<\/div>\n\t\t<div class=\"elementor-element elementor-element-9e039d1 e-flex e-con-boxed wpr-particle-no wpr-jarallax-no wpr-parallax-no wpr-sticky-section-no e-con e-parent\" data-id=\"9e039d1\" data-element_type=\"container\">\n\t\t\t\t\t<div class=\"e-con-inner\">\n\t\t\t\t<div class=\"elementor-element elementor-element-18fd54a elementor-widget elementor-widget-text-editor\" data-id=\"18fd54a\" data-element_type=\"widget\" data-widget_type=\"text-editor.default\">\n\t\t\t\t<div class=\"elementor-widget-container\">\n\t\t\t\t\t\t\t\t\t<h4 style=\"text-align: left;\">Taufe<img decoding=\"async\" class=\"wp-image-1988 size-thumbnail alignleft\" src=\"https:\/\/oikos-schoetz.ch\/wordpress\/wp-content\/uploads\/2025\/03\/Taufe-150x150.webp\" alt=\"\" width=\"150\" height=\"150\" \/><\/h4><p>Wir taufen gerne Menschen ab 18 Jahren, die ihr Leben bewusst unter die Herrschaft Jesu gestellt haben und ihm von Herzen nachfolgen wollen. Taufen finden in einem \u00f6ffentlichen Gew\u00e4sser statt. Sie dienen als Bekenntnis und als Zeichen vor der sichtbaren und unsichtbaren Welt, dass die Betreffenden zu Jesus geh\u00f6ren. Zuvor erfolgt ein Vorbereitungsgespr\u00e4ch.<\/p>\t\t\t\t\t\t\t\t<\/div>\n\t\t\t\t<\/div>\n\t\t\t\t\t<\/div>\n\t\t\t\t<\/div>\n\t\t<div class=\"elementor-element elementor-element-85ded05 e-flex e-con-boxed wpr-particle-no wpr-jarallax-no wpr-parallax-no wpr-sticky-section-no e-con e-parent\" data-id=\"85ded05\" data-element_type=\"container\">\n\t\t\t\t\t<div class=\"e-con-inner\">\n\t\t\t\t<div class=\"elementor-element elementor-element-4cffb30 elementor-widget elementor-widget-spacer\" data-id=\"4cffb30\" data-element_type=\"widget\" data-widget_type=\"spacer.default\">\n\t\t\t\t<div class=\"elementor-widget-container\">\n\t\t\t\t\t\t\t<div class=\"elementor-spacer\">\n\t\t\t<div class=\"elementor-spacer-inner\"><\/div>\n\t\t<\/div>\n\t\t\t\t\t\t<\/div>\n\t\t\t\t<\/div>\n\t\t\t\t\t<\/div>\n\t\t\t\t<\/div>\n\t\t<div class=\"elementor-element elementor-element-51f940c e-flex e-con-boxed wpr-particle-no wpr-jarallax-no wpr-parallax-no wpr-sticky-section-no e-con e-parent\" data-id=\"51f940c\" data-element_type=\"container\">\n\t\t\t\t\t<div class=\"e-con-inner\">\n\t\t\t\t<div class=\"elementor-element elementor-element-8949d9e elementor-widget elementor-widget-text-editor\" data-id=\"8949d9e\" data-element_type=\"widget\" data-widget_type=\"text-editor.default\">\n\t\t\t\t<div class=\"elementor-widget-container\">\n\t\t\t\t\t\t\t\t\t<h4>Segnung<img decoding=\"async\" class=\"alignleft wp-image-1989 size-thumbnail\" src=\"https:\/\/oikos-schoetz.ch\/wordpress\/wp-content\/uploads\/2025\/03\/Segnung-150x150.jpg\" alt=\"\" width=\"150\" height=\"150\" \/><\/h4><p>Wir segnen Kinder, weil Jesus sie auch gesegnet hat. Ihre Eltern m\u00f6chten ihre Kinder bewusst unter den Schutz Gottes stellen. Dies ist nicht eine Taufe, weil diese denen vorbehalten ist, die sich bewusst f\u00fcr Jesus entschieden haben. Eine Segnung kann in einem regul\u00e4ren Gottesdienst stattfinden. Zuvor erfolgt ein Vorbereitungsgespr\u00e4ch.<\/p>\t\t\t\t\t\t\t\t<\/div>\n\t\t\t\t<\/div>\n\t\t\t\t\t<\/div>\n\t\t\t\t<\/div>\n\t\t<div class=\"elementor-element elementor-element-baee8f8 e-flex e-con-boxed wpr-particle-no wpr-jarallax-no wpr-parallax-no wpr-sticky-section-no e-con e-parent\" data-id=\"baee8f8\" data-element_type=\"container\">\n\t\t\t\t\t<div class=\"e-con-inner\">\n\t\t\t\t<div class=\"elementor-element elementor-element-57bb27c elementor-widget elementor-widget-spacer\" data-id=\"57bb27c\" data-element_type=\"widget\" data-widget_type=\"spacer.default\">\n\t\t\t\t<div class=\"elementor-widget-container\">\n\t\t\t\t\t\t\t<div class=\"elementor-spacer\">\n\t\t\t<div class=\"elementor-spacer-inner\"><\/div>\n\t\t<\/div>\n\t\t\t\t\t\t<\/div>\n\t\t\t\t<\/div>\n\t\t\t\t\t<\/div>\n\t\t\t\t<\/div>\n\t\t<div class=\"elementor-element elementor-element-e62af1d e-flex e-con-boxed wpr-particle-no wpr-jarallax-no wpr-parallax-no wpr-sticky-section-no e-con e-parent\" data-id=\"e62af1d\" data-element_type=\"container\">\n\t\t\t\t\t<div class=\"e-con-inner\">\n\t\t\t\t<div class=\"elementor-element elementor-element-aa3c395 elementor-widget elementor-widget-text-editor\" data-id=\"aa3c395\" data-element_type=\"widget\" data-widget_type=\"text-editor.default\">\n\t\t\t\t<div class=\"elementor-widget-container\">\n\t\t\t\t\t\t\t\t\t<h4>Glaubensgrundkurs<img decoding=\"async\" class=\"alignleft wp-image-1990 size-thumbnail\" src=\"https:\/\/oikos-schoetz.ch\/wordpress\/wp-content\/uploads\/2025\/03\/Glaubensgrundkurs-150x150.webp\" alt=\"\" width=\"150\" height=\"150\" \/><\/h4><p>Du hast dich entschieden, Jesus nachzufolgen, und m\u00f6chtest im Glauben wachsen? Unser Glaubensgrundkurs wird dir dabei helfen und dir gute Grundlagen f\u00fcr ein Leben als Christ geben. Wir sind gerne bereit, diesen Kurs mit dir durchzuf\u00fchren.<\/p>\t\t\t\t\t\t\t\t<\/div>\n\t\t\t\t<\/div>\n\t\t\t\t\t<\/div>\n\t\t\t\t<\/div>\n\t\t<div class=\"elementor-element elementor-element-a82d802 e-flex e-con-boxed wpr-particle-no wpr-jarallax-no wpr-parallax-no wpr-sticky-section-no e-con e-parent\" data-id=\"a82d802\" data-element_type=\"container\">\n\t\t\t\t\t<div class=\"e-con-inner\">\n\t\t\t\t<div class=\"elementor-element elementor-element-76d1f4e elementor-widget elementor-widget-spacer\" data-id=\"76d1f4e\" data-element_type=\"widget\" data-widget_type=\"spacer.default\">\n\t\t\t\t<div class=\"elementor-widget-container\">\n\t\t\t\t\t\t\t<div class=\"elementor-spacer\">\n\t\t\t<div class=\"elementor-spacer-inner\"><\/div>\n\t\t<\/div>\n\t\t\t\t\t\t<\/div>\n\t\t\t\t<\/div>\n\t\t\t\t\t<\/div>\n\t\t\t\t<\/div>\n\t\t<div class=\"elementor-element elementor-element-3da844d e-flex e-con-boxed wpr-particle-no wpr-jarallax-no wpr-parallax-no wpr-sticky-section-no e-con e-parent\" data-id=\"3da844d\" data-element_type=\"container\">\n\t\t\t\t\t<div class=\"e-con-inner\">\n\t\t\t\t<div class=\"elementor-element elementor-element-5515381 elementor-widget elementor-widget-text-editor\" data-id=\"5515381\" data-element_type=\"widget\" data-widget_type=\"text-editor.default\">\n\t\t\t\t<div class=\"elementor-widget-container\">\n\t\t\t\t\t\t\t\t\t<h4>Hochzeit &#038; Ehe-Erneuerung<img loading=\"lazy\" decoding=\"async\" class=\"alignleft wp-image-1991 size-thumbnail\" src=\"https:\/\/oikos-schoetz.ch\/wordpress\/wp-content\/uploads\/2025\/03\/DSCN2496-150x150.webp\" alt=\"\" width=\"150\" height=\"150\" \/><\/h4><p>Wenn ein Mann und eine Frau sich finden und ihre Ehe bewusst unter Gottes F\u00fchrung stellen m\u00f6chten, f\u00fchren wir gerne auch Hochzeiten oder Ehe-Segnungen durch. Die Trauung vor dem Standesamt ist Bedingung, dass eine christliche Hochzeit durchgef\u00fchrt werden kann.<\/p>\t\t\t\t\t\t\t\t<\/div>\n\t\t\t\t<\/div>\n\t\t\t\t\t<\/div>\n\t\t\t\t<\/div>\n\t\t<div class=\"elementor-element elementor-element-117fd29 e-flex e-con-boxed wpr-particle-no wpr-jarallax-no wpr-parallax-no wpr-sticky-section-no e-con e-parent\" data-id=\"117fd29\" data-element_type=\"container\">\n\t\t\t\t\t<div class=\"e-con-inner\">\n\t\t\t\t<div class=\"elementor-element elementor-element-b035dc3 elementor-widget elementor-widget-spacer\" data-id=\"b035dc3\" data-element_type=\"widget\" data-widget_type=\"spacer.default\">\n\t\t\t\t<div class=\"elementor-widget-container\">\n\t\t\t\t\t\t\t<div class=\"elementor-spacer\">\n\t\t\t<div class=\"elementor-spacer-inner\"><\/div>\n\t\t<\/div>\n\t\t\t\t\t\t<\/div>\n\t\t\t\t<\/div>\n\t\t\t\t\t<\/div>\n\t\t\t\t<\/div>\n\t\t<div class=\"elementor-element elementor-element-f5e85c3 e-flex e-con-boxed wpr-particle-no wpr-jarallax-no wpr-parallax-no wpr-sticky-section-no e-con e-parent\" data-id=\"f5e85c3\" data-element_type=\"container\">\n\t\t\t\t\t<div class=\"e-con-inner\">\n\t\t\t\t<div class=\"elementor-element elementor-element-21ac30a elementor-widget elementor-widget-text-editor\" data-id=\"21ac30a\" data-element_type=\"widget\" data-widget_type=\"text-editor.default\">\n\t\t\t\t<div class=\"elementor-widget-container\">\n\t\t\t\t\t\t\t\t\t<h4>Abschied<img loading=\"lazy\" decoding=\"async\" class=\"alignleft wp-image-1992 size-thumbnail\" src=\"https:\/\/oikos-schoetz.ch\/wordpress\/wp-content\/uploads\/2025\/03\/Abschied002-150x150.webp\" alt=\"\" width=\"150\" height=\"150\" \/><\/h4><p>Es ist immer ein schwieriger Verlust, wenn geliebte Menschen sterben. Unsere Hoffnung und Gewissheit ist jedoch, dass wir sie im Himmel wiedersehen werden. Deshalb m\u00fcssen Beerdigungen f\u00fcr Gl\u00e4ubige nicht nur ein trauriger Anlass sein. Wenn du einen Angeh\u00f6rigen verloren hast, begleiten wir dich gerne auf diesem Weg.<\/p>\t\t\t\t\t\t\t\t<\/div>\n\t\t\t\t<\/div>\n\t\t\t\t\t<\/div>\n\t\t\t\t<\/div>\n\t\t<div class=\"elementor-element elementor-element-627ab03 e-flex e-con-boxed wpr-particle-no wpr-jarallax-no wpr-parallax-no wpr-sticky-section-no e-con e-parent\" data-id=\"627ab03\" data-element_type=\"container\">\n\t\t\t\t\t<div class=\"e-con-inner\">\n\t\t\t\t<div class=\"elementor-element elementor-element-19e105d elementor-widget elementor-widget-spacer\" data-id=\"19e105d\" data-element_type=\"widget\" data-widget_type=\"spacer.default\">\n\t\t\t\t<div class=\"elementor-widget-container\">\n\t\t\t\t\t\t\t<div class=\"elementor-spacer\">\n\t\t\t<div class=\"elementor-spacer-inner\"><\/div>\n\t\t<\/div>\n\t\t\t\t\t\t<\/div>\n\t\t\t\t<\/div>\n\t\t\t\t\t<\/div>\n\t\t\t\t<\/div>\n\t\t<div class=\"elementor-element elementor-element-06697bd e-flex e-con-boxed wpr-particle-no wpr-jarallax-no wpr-parallax-no wpr-sticky-section-no e-con e-parent\" data-id=\"06697bd\" data-element_type=\"container\">\n\t\t\t\t\t<div class=\"e-con-inner\">\n\t\t\t\t<div class=\"elementor-element elementor-element-47abc8f elementor-widget elementor-widget-text-editor\" data-id=\"47abc8f\" data-element_type=\"widget\" data-widget_type=\"text-editor.default\">\n\t\t\t\t<div class=\"elementor-widget-container\">\n\t\t\t\t\t\t\t\t\t<h4>Gebet &#038; Seelsorge<img loading=\"lazy\" decoding=\"async\" class=\"alignleft wp-image-1993 size-thumbnail\" src=\"https:\/\/oikos-schoetz.ch\/wordpress\/wp-content\/uploads\/2025\/03\/IMG_20230831_175739_HDR-150x150.webp\" alt=\"\" width=\"150\" height=\"150\" \/><\/h4><p>Manchmal scheinen die Probleme einfach zu gross, und du musst sie dir von der Seele reden. Oder du m\u00f6chtest eine bestimmte Sache in deinem Leben gerne loswerden. Gerne stehen wir dir f\u00fcr professionell gef\u00fchrte Gespr\u00e4che, f\u00fcr biblische Seelsorge und f\u00fcr Gebet zur Verf\u00fcgung.<\/p>\t\t\t\t\t\t\t\t<\/div>\n\t\t\t\t<\/div>\n\t\t\t\t\t<\/div>\n\t\t\t\t<\/div>\n\t\t<div class=\"elementor-element elementor-element-b854698 e-flex e-con-boxed wpr-particle-no wpr-jarallax-no wpr-parallax-no wpr-sticky-section-no e-con e-parent\" data-id=\"b854698\" data-element_type=\"container\">\n\t\t\t\t\t<div class=\"e-con-inner\">\n\t\t\t\t<div class=\"elementor-element elementor-element-40faab6 elementor-widget elementor-widget-spacer\" data-id=\"40faab6\" data-element_type=\"widget\" data-widget_type=\"spacer.default\">\n\t\t\t\t<div class=\"elementor-widget-container\">\n\t\t\t\t\t\t\t<div class=\"elementor-spacer\">\n\t\t\t<div class=\"elementor-spacer-inner\"><\/div>\n\t\t<\/div>\n\t\t\t\t\t\t<\/div>\n\t\t\t\t<\/div>\n\t\t\t\t\t<\/div>\n\t\t\t\t<\/div>\n\t\t\t\t<\/div>\n\t\t","protected":false},"excerpt":{"rendered":"<p>Angebot Taufe Wir taufen gerne Menschen ab 18 Jahren, die ihr Leben bewusst unter die Herrschaft Jesu gestellt haben und ihm von Herzen nachfolgen wollen. Taufen finden in einem \u00f6ffentlichen Gew\u00e4sser statt. Sie dienen als Bekenntnis und als Zeichen vor der sichtbaren und unsichtbaren Welt, dass die Betreffenden zu Jesus geh\u00f6ren. Zuvor erfolgt ein Vorbereitungsgespr\u00e4ch. Segnung Wir segnen Kinder, weil Jesus sie auch gesegnet hat. Ihre Eltern m\u00f6chten ihre Kinder bewusst unter den Schutz Gottes stellen. Dies ist nicht eine Taufe, weil diese denen vorbehalten ist, die sich bewusst f\u00fcr Jesus entschieden haben. Eine Segnung kann in einem regul\u00e4ren Gottesdienst stattfinden. Zuvor erfolgt ein Vorbereitungsgespr\u00e4ch. Glaubensgrundkurs Du hast dich entschieden, Jesus nachzufolgen, und m\u00f6chtest im Glauben wachsen? Unser Glaubensgrundkurs wird dir dabei helfen und dir gute Grundlagen f\u00fcr ein Leben als Christ geben. Wir sind gerne bereit, diesen Kurs mit dir durchzuf\u00fchren. Hochzeit &#038; Ehe-Erneuerung Wenn ein Mann und eine Frau sich finden und ihre Ehe bewusst unter Gottes F\u00fchrung stellen m\u00f6chten, f\u00fchren wir gerne auch Hochzeiten oder Ehe-Segnungen durch. Die Trauung vor dem Standesamt ist Bedingung, dass eine christliche Hochzeit durchgef\u00fchrt werden kann. Abschied Es ist immer ein schwieriger Verlust, wenn geliebte Menschen sterben. Unsere Hoffnung und Gewissheit ist jedoch, dass wir sie im Himmel wiedersehen werden. Deshalb m\u00fcssen Beerdigungen f\u00fcr Gl\u00e4ubige nicht nur ein trauriger Anlass sein. Wenn du einen Angeh\u00f6rigen verloren hast, begleiten wir dich gerne auf diesem Weg. Gebet &#038; Seelsorge Manchmal scheinen die Probleme einfach zu gross, und du musst sie dir von der Seele reden. Oder du m\u00f6chtest eine bestimmte Sache in deinem Leben gerne loswerden. Gerne stehen wir dir f\u00fcr professionell gef\u00fchrte Gespr\u00e4che, f\u00fcr biblische Seelsorge und f\u00fcr Gebet zur Verf\u00fcgung.<\/p>\n","protected":false},"author":1,"featured_media":0,"parent":0,"menu_order":0,"comment_status":"closed","ping_status":"closed","template":"elementor_canvas","meta":{"footnotes":""},"class_list":["post-1986","page","type-page","status-publish","hentry"],"_links":{"self":[{"href":"https:\/\/oikos-schoetz.ch\/wordpress\/wp-json\/wp\/v2\/pages\/1986","targetHints":{"allow":["GET"]}}],"collection":[{"href":"https:\/\/oikos-schoetz.ch\/wordpress\/wp-json\/wp\/v2\/pages"}],"about":[{"href":"https:\/\/oikos-schoetz.ch\/wordpress\/wp-json\/wp\/v2\/types\/page"}],"author":[{"embeddable":true,"href":"https:\/\/oikos-schoetz.ch\/wordpress\/wp-json\/wp\/v2\/users\/1"}],"replies":[{"embeddable":true,"href":"https:\/\/oikos-schoetz.ch\/wordpress\/wp-json\/wp\/v2\/comments?post=1986"}],"version-history":[{"count":22,"href":"https:\/\/oikos-schoetz.ch\/wordpress\/wp-json\/wp\/v2\/pages\/1986\/revisions"}],"predecessor-version":[{"id":2029,"href":"https:\/\/oikos-schoetz.ch\/wordpress\/wp-json\/wp\/v2\/pages\/1986\/revisions\/2029"}],"wp:attachment":[{"href":"https:\/\/oikos-schoetz.ch\/wordpress\/wp-json\/wp\/v2\/media?parent=1986"}],"curies":[{"name":"wp","href":"https:\/\/api.w.org\/{rel}","templated":true}]}}