{"id":2109,"date":"2025-03-08T23:37:19","date_gmt":"2025-03-08T23:37:19","guid":{"rendered":"https:\/\/oikos-schoetz.ch\/wordpress\/?page_id=2109"},"modified":"2025-08-05T14:16:15","modified_gmt":"2025-08-05T14:16:15","slug":"leitung","status":"publish","type":"page","link":"https:\/\/oikos-schoetz.ch\/wordpress\/leitung\/","title":{"rendered":"Leitung"},"content":{"rendered":"\t\t<div data-elementor-type=\"wp-page\" data-elementor-id=\"2109\" class=\"elementor elementor-2109\" data-elementor-post-type=\"page\">\n\t\t\t\t<div class=\"elementor-element elementor-element-78575b6 e-flex e-con-boxed wpr-particle-no wpr-jarallax-no wpr-parallax-no wpr-sticky-section-no e-con e-parent\" data-id=\"78575b6\" data-element_type=\"container\">\n\t\t\t\t\t<div class=\"e-con-inner\">\n\t\t\t\t<div class=\"elementor-element elementor-element-535172f elementor-widget elementor-widget-heading\" data-id=\"535172f\" data-element_type=\"widget\" data-widget_type=\"heading.default\">\n\t\t\t\t<div class=\"elementor-widget-container\">\n\t\t\t\t\t<h2 class=\"elementor-heading-title elementor-size-default\">Das Leitungsteam<\/h2>\t\t\t\t<\/div>\n\t\t\t\t<\/div>\n\t\t\t\t\t<\/div>\n\t\t\t\t<\/div>\n\t\t<div class=\"elementor-element elementor-element-c71dd3a e-flex e-con-boxed wpr-particle-no wpr-jarallax-no wpr-parallax-no wpr-sticky-section-no e-con e-parent\" data-id=\"c71dd3a\" data-element_type=\"container\">\n\t\t\t\t\t<div class=\"e-con-inner\">\n\t\t\t\t<div class=\"elementor-element elementor-element-221ef13 elementor-widget elementor-widget-text-editor\" data-id=\"221ef13\" data-element_type=\"widget\" data-widget_type=\"text-editor.default\">\n\t\t\t\t<div class=\"elementor-widget-container\">\n\t\t\t\t\t\t\t\t\t<h2><img fetchpriority=\"high\" decoding=\"async\" class=\"alignleft wp-image-2111\" src=\"https:\/\/oikos-schoetz.ch\/wordpress\/wp-content\/uploads\/2025\/03\/DSCN3646-1024x768.jpg\" alt=\"\" width=\"267\" height=\"200\" srcset=\"https:\/\/oikos-schoetz.ch\/wordpress\/wp-content\/uploads\/2025\/03\/DSCN3646-1024x768.jpg 1024w, https:\/\/oikos-schoetz.ch\/wordpress\/wp-content\/uploads\/2025\/03\/DSCN3646-300x225.jpg 300w, https:\/\/oikos-schoetz.ch\/wordpress\/wp-content\/uploads\/2025\/03\/DSCN3646-768x576.jpg 768w, https:\/\/oikos-schoetz.ch\/wordpress\/wp-content\/uploads\/2025\/03\/DSCN3646-1536x1152.jpg 1536w, https:\/\/oikos-schoetz.ch\/wordpress\/wp-content\/uploads\/2025\/03\/DSCN3646-2048x1536.jpg 2048w\" sizes=\"(max-width: 267px) 100vw, 267px\" \/>Daniel M\u00fcller-Lutz<\/h2><h4>Pastor &#038; Pr\u00e4sident<\/h4><p>\u00abEs begeistert mich, die Bibel zu studieren, Gottes wunderbare Pl\u00e4ne f\u00fcr uns zu erforschen und sie ansteckend weiterzugeben.\u00bb<\/p>\t\t\t\t\t\t\t\t<\/div>\n\t\t\t\t<\/div>\n\t\t\t\t\t<\/div>\n\t\t\t\t<\/div>\n\t\t<div class=\"elementor-element elementor-element-2337a15 e-flex e-con-boxed wpr-particle-no wpr-jarallax-no wpr-parallax-no wpr-sticky-section-no e-con e-parent\" data-id=\"2337a15\" data-element_type=\"container\">\n\t\t\t\t\t<div class=\"e-con-inner\">\n\t\t\t\t<div class=\"elementor-element elementor-element-cd25eca elementor-widget elementor-widget-text-editor\" data-id=\"cd25eca\" data-element_type=\"widget\" data-widget_type=\"text-editor.default\">\n\t\t\t\t<div class=\"elementor-widget-container\">\n\t\t\t\t\t\t\t\t\t<h2><img decoding=\"async\" class=\"alignleft wp-image-2113\" src=\"https:\/\/oikos-schoetz.ch\/wordpress\/wp-content\/uploads\/2025\/03\/DSCN3659-1024x768.jpg\" alt=\"\" width=\"267\" height=\"200\" srcset=\"https:\/\/oikos-schoetz.ch\/wordpress\/wp-content\/uploads\/2025\/03\/DSCN3659-1024x768.jpg 1024w, https:\/\/oikos-schoetz.ch\/wordpress\/wp-content\/uploads\/2025\/03\/DSCN3659-300x225.jpg 300w, https:\/\/oikos-schoetz.ch\/wordpress\/wp-content\/uploads\/2025\/03\/DSCN3659-768x576.jpg 768w, https:\/\/oikos-schoetz.ch\/wordpress\/wp-content\/uploads\/2025\/03\/DSCN3659-1536x1152.jpg 1536w, https:\/\/oikos-schoetz.ch\/wordpress\/wp-content\/uploads\/2025\/03\/DSCN3659-2048x1536.jpg 2048w\" sizes=\"(max-width: 267px) 100vw, 267px\" \/>Shila M\u00fcller-Lutz<\/h2><h4>Mitglied Leitungsteam<\/h4><p>\u00ab<span class=\"textcolor-secondaryColor\">Meine Leidenschaft sind Menschen jeden Alters. Ich nehme mir gerne Zeit f\u00fcr jeden Einzelnen, um ihnen die Liebe Gottes weiterzugeben.\u00bb<\/span><\/p>\t\t\t\t\t\t\t\t<\/div>\n\t\t\t\t<\/div>\n\t\t\t\t<div class=\"elementor-element elementor-element-307d656 elementor-widget elementor-widget-text-editor\" data-id=\"307d656\" data-element_type=\"widget\" data-widget_type=\"text-editor.default\">\n\t\t\t\t<div class=\"elementor-widget-container\">\n\t\t\t\t\t\t\t\t\t<h2><img decoding=\"async\" class=\"alignleft wp-image-2112\" src=\"https:\/\/oikos-schoetz.ch\/wordpress\/wp-content\/uploads\/2025\/03\/DSCN3655-1024x768.jpg\" alt=\"\" width=\"267\" height=\"200\" srcset=\"https:\/\/oikos-schoetz.ch\/wordpress\/wp-content\/uploads\/2025\/03\/DSCN3655-1024x768.jpg 1024w, https:\/\/oikos-schoetz.ch\/wordpress\/wp-content\/uploads\/2025\/03\/DSCN3655-300x225.jpg 300w, https:\/\/oikos-schoetz.ch\/wordpress\/wp-content\/uploads\/2025\/03\/DSCN3655-768x576.jpg 768w, https:\/\/oikos-schoetz.ch\/wordpress\/wp-content\/uploads\/2025\/03\/DSCN3655-1536x1152.jpg 1536w, https:\/\/oikos-schoetz.ch\/wordpress\/wp-content\/uploads\/2025\/03\/DSCN3655-2048x1536.jpg 2048w\" sizes=\"(max-width: 267px) 100vw, 267px\" \/>Martin Meyer<\/h2><h4>Mitglied Leitungsteam<\/h4><p><span class=\"textcolor-secondaryColor\">\u00abMich begeistert es, mit meinen H\u00e4nden und meinem Herz einer Gemeinschaft zu dienen, um die Kraft Gottes sichtbar zu machen.\u00bb<\/span><\/p>\t\t\t\t\t\t\t\t<\/div>\n\t\t\t\t<\/div>\n\t\t\t\t<div class=\"elementor-element elementor-element-634aef2 elementor-widget elementor-widget-text-editor\" data-id=\"634aef2\" data-element_type=\"widget\" data-widget_type=\"text-editor.default\">\n\t\t\t\t<div class=\"elementor-widget-container\">\n\t\t\t\t\t\t\t\t\t<h2><img loading=\"lazy\" decoding=\"async\" class=\"alignleft wp-image-2114\" src=\"https:\/\/oikos-schoetz.ch\/wordpress\/wp-content\/uploads\/2025\/03\/DSCN3667-scaled.jpg\" alt=\"\" width=\"267\" height=\"200\" srcset=\"https:\/\/oikos-schoetz.ch\/wordpress\/wp-content\/uploads\/2025\/03\/DSCN3667-scaled.jpg 2560w, https:\/\/oikos-schoetz.ch\/wordpress\/wp-content\/uploads\/2025\/03\/DSCN3667-300x225.jpg 300w\" sizes=\"(max-width: 267px) 100vw, 267px\" \/>Simone Meyer<\/h2><h4>Mitglied Leitungsteam<\/h4><p><span class=\"textcolor-secondaryColor\">\u00abDie Liebe Gottes mit anderen Menschen zu teilen und g\u00f6ttliche Heilung an K\u00f6rper, Geist und Seele erfahrbar zu machen ist meine Leidenschaft.\u00bb<\/span><\/p>\t\t\t\t\t\t\t\t<\/div>\n\t\t\t\t<\/div>\n\t\t\t\t\t<\/div>\n\t\t\t\t<\/div>\n\t\t<div class=\"elementor-element elementor-element-067730a e-flex e-con-boxed wpr-particle-no wpr-jarallax-no wpr-parallax-no wpr-sticky-section-no e-con e-parent\" data-id=\"067730a\" data-element_type=\"container\">\n\t\t\t\t\t<div class=\"e-con-inner\">\n\t\t\t\t<div class=\"elementor-element elementor-element-b8c3b74 elementor-widget elementor-widget-heading\" data-id=\"b8c3b74\" data-element_type=\"widget\" data-widget_type=\"heading.default\">\n\t\t\t\t<div class=\"elementor-widget-container\">\n\t\t\t\t\t<h2 class=\"elementor-heading-title elementor-size-default\">Mitgr\u00fcnder<\/h2>\t\t\t\t<\/div>\n\t\t\t\t<\/div>\n\t\t\t\t\t<\/div>\n\t\t\t\t<\/div>\n\t\t<div class=\"elementor-element elementor-element-0c4ae18 e-flex e-con-boxed wpr-particle-no wpr-jarallax-no wpr-parallax-no wpr-sticky-section-no e-con e-parent\" data-id=\"0c4ae18\" data-element_type=\"container\">\n\t\t\t\t\t<div class=\"e-con-inner\">\n\t\t\t\t<div class=\"elementor-element elementor-element-8276a68 elementor-widget elementor-widget-text-editor\" data-id=\"8276a68\" data-element_type=\"widget\" data-widget_type=\"text-editor.default\">\n\t\t\t\t<div class=\"elementor-widget-container\">\n\t\t\t\t\t\t\t\t\t<h2><img loading=\"lazy\" decoding=\"async\" class=\"alignleft wp-image-2116\" src=\"https:\/\/oikos-schoetz.ch\/wordpress\/wp-content\/uploads\/2025\/03\/20230625_204421-1024x768.jpg\" alt=\"\" width=\"267\" height=\"200\" srcset=\"https:\/\/oikos-schoetz.ch\/wordpress\/wp-content\/uploads\/2025\/03\/20230625_204421-1024x768.jpg 1024w, https:\/\/oikos-schoetz.ch\/wordpress\/wp-content\/uploads\/2025\/03\/20230625_204421-300x225.jpg 300w, https:\/\/oikos-schoetz.ch\/wordpress\/wp-content\/uploads\/2025\/03\/20230625_204421-768x576.jpg 768w, https:\/\/oikos-schoetz.ch\/wordpress\/wp-content\/uploads\/2025\/03\/20230625_204421-1536x1152.jpg 1536w, https:\/\/oikos-schoetz.ch\/wordpress\/wp-content\/uploads\/2025\/03\/20230625_204421-2048x1536.jpg 2048w\" sizes=\"(max-width: 267px) 100vw, 267px\" \/>Peter &#038; Marcela Johner<\/h2><h4>Gr\u00fcndungsmitglieder<\/h4><p>\u00abDie Menschen im Luzerner Hinterland sind die, die uns am n\u00e4chsten stehen. Mit ihnen wollen wir unsere Liebe f\u00fcr Jesus teilen, damit auch sie eine pers\u00f6nliche Beziehung zu Gott erleben d\u00fcrfen.\u00bb<\/p>\t\t\t\t\t\t\t\t<\/div>\n\t\t\t\t<\/div>\n\t\t\t\t\t<\/div>\n\t\t\t\t<\/div>\n\t\t\t\t<\/div>\n\t\t","protected":false},"excerpt":{"rendered":"<p>Das Leitungsteam Daniel M\u00fcller-Lutz Pastor &#038; Pr\u00e4sident \u00abEs begeistert mich, die Bibel zu studieren, Gottes wunderbare Pl\u00e4ne f\u00fcr uns zu erforschen und sie ansteckend weiterzugeben.\u00bb Shila M\u00fcller-Lutz Mitglied Leitungsteam \u00abMeine Leidenschaft sind Menschen jeden Alters. Ich nehme mir gerne Zeit f\u00fcr jeden Einzelnen, um ihnen die Liebe Gottes weiterzugeben.\u00bb Martin Meyer Mitglied Leitungsteam \u00abMich begeistert es, mit meinen H\u00e4nden und meinem Herz einer Gemeinschaft zu dienen, um die Kraft Gottes sichtbar zu machen.\u00bb Simone Meyer Mitglied Leitungsteam \u00abDie Liebe Gottes mit anderen Menschen zu teilen und g\u00f6ttliche Heilung an K\u00f6rper, Geist und Seele erfahrbar zu machen ist meine Leidenschaft.\u00bb Mitgr\u00fcnder Peter &#038; Marcela Johner Gr\u00fcndungsmitglieder \u00abDie Menschen im Luzerner Hinterland sind die, die uns am n\u00e4chsten stehen. Mit ihnen wollen wir unsere Liebe f\u00fcr Jesus teilen, damit auch sie eine pers\u00f6nliche Beziehung zu Gott erleben d\u00fcrfen.\u00bb<\/p>\n","protected":false},"author":1,"featured_media":0,"parent":0,"menu_order":0,"comment_status":"closed","ping_status":"closed","template":"elementor_canvas","meta":{"footnotes":""},"class_list":["post-2109","page","type-page","status-publish","hentry"],"_links":{"self":[{"href":"https:\/\/oikos-schoetz.ch\/wordpress\/wp-json\/wp\/v2\/pages\/2109","targetHints":{"allow":["GET"]}}],"collection":[{"href":"https:\/\/oikos-schoetz.ch\/wordpress\/wp-json\/wp\/v2\/pages"}],"about":[{"href":"https:\/\/oikos-schoetz.ch\/wordpress\/wp-json\/wp\/v2\/types\/page"}],"author":[{"embeddable":true,"href":"https:\/\/oikos-schoetz.ch\/wordpress\/wp-json\/wp\/v2\/users\/1"}],"replies":[{"embeddable":true,"href":"https:\/\/oikos-schoetz.ch\/wordpress\/wp-json\/wp\/v2\/comments?post=2109"}],"version-history":[{"count":22,"href":"https:\/\/oikos-schoetz.ch\/wordpress\/wp-json\/wp\/v2\/pages\/2109\/revisions"}],"predecessor-version":[{"id":2363,"href":"https:\/\/oikos-schoetz.ch\/wordpress\/wp-json\/wp\/v2\/pages\/2109\/revisions\/2363"}],"wp:attachment":[{"href":"https:\/\/oikos-schoetz.ch\/wordpress\/wp-json\/wp\/v2\/media?parent=2109"}],"curies":[{"name":"wp","href":"https:\/\/api.w.org\/{rel}","templated":true}]}}

<div data-elementor-type="wp-page" data-elementor-id="2109" class="elementor elementor-2109" data-elementor-post-type="page">
				<div class="elementor-element elementor-element-78575b6 e-flex e-con-boxed wpr-particle-no wpr-jarallax-no wpr-parallax-no wpr-sticky-section-no e-con e-parent" data-id="78575b6" data-element_type="container">
					<div class="e-con-inner">
				<div class="elementor-element elementor-element-535172f elementor-widget elementor-widget-heading" data-id="535172f" data-element_type="widget" data-widget_type="heading.default">
				<div class="elementor-widget-container">
					<h2 class="elementor-heading-title elementor-size-default">Das Leitungsteam</h2>				</div>
				</div>
					</div>
				</div>
		<div class="elementor-element elementor-element-c71dd3a e-flex e-con-boxed wpr-particle-no wpr-jarallax-no wpr-parallax-no wpr-sticky-section-no e-con e-parent" data-id="c71dd3a" data-element_type="container">
					<div class="e-con-inner">
				<div class="elementor-element elementor-element-221ef13 elementor-widget elementor-widget-text-editor" data-id="221ef13" data-element_type="widget" data-widget_type="text-editor.default">
				<div class="elementor-widget-container">
									<h2><img fetchpriority="high" decoding="async" class="alignleft wp-image-2111" src="https://oikos-schoetz.ch/wordpress/wp-content/uploads/2025/03/DSCN3646-1024x768.jpg" alt="" width="267" height="200" srcset="https://oikos-schoetz.ch/wordpress/wp-content/uploads/2025/03/DSCN3646-1024x768.jpg 1024w, https://oikos-schoetz.ch/wordpress/wp-content/uploads/2025/03/DSCN3646-300x225.jpg 300w, https://oikos-schoetz.ch/wordpress/wp-content/uploads/2025/03/DSCN3646-768x576.jpg 768w, https://oikos-schoetz.ch/wordpress/wp-content/uploads/2025/03/DSCN3646-1536x1152.jpg 1536w, https://oikos-schoetz.ch/wordpress/wp-content/uploads/2025/03/DSCN3646-2048x1536.jpg 2048w" sizes="(max-width: 267px) 100vw, 267px" />Daniel Müller-Lutz</h2><h4>Pastor &#038; Präsident</h4><p>«Es begeistert mich, die Bibel zu studieren, Gottes wunderbare Pläne für uns zu erforschen und sie ansteckend weiterzugeben.»</p>								</div>
				</div>
					</div>
				</div>
		<div class="elementor-element elementor-element-2337a15 e-flex e-con-boxed wpr-particle-no wpr-jarallax-no wpr-parallax-no wpr-sticky-section-no e-con e-parent" data-id="2337a15" data-element_type="container">
					<div class="e-con-inner">
				<div class="elementor-element elementor-element-cd25eca elementor-widget elementor-widget-text-editor" data-id="cd25eca" data-element_type="widget" data-widget_type="text-editor.default">
				<div class="elementor-widget-container">
									<h2><img decoding="async" class="alignleft wp-image-2113" src="https://oikos-schoetz.ch/wordpress/wp-content/uploads/2025/03/DSCN3659-1024x768.jpg" alt="" width="267" height="200" srcset="https://oikos-schoetz.ch/wordpress/wp-content/uploads/2025/03/DSCN3659-1024x768.jpg 1024w, https://oikos-schoetz.ch/wordpress/wp-content/uploads/2025/03/DSCN3659-300x225.jpg 300w, https://oikos-schoetz.ch/wordpress/wp-content/uploads/2025/03/DSCN3659-768x576.jpg 768w, https://oikos-schoetz.ch/wordpress/wp-content/uploads/2025/03/DSCN3659-1536x1152.jpg 1536w, https://oikos-schoetz.ch/wordpress/wp-content/uploads/2025/03/DSCN3659-2048x1536.jpg 2048w" sizes="(max-width: 267px) 100vw, 267px" />Shila Müller-Lutz</h2><h4>Mitglied Leitungsteam</h4><p>«<span class="textcolor-secondaryColor">Meine Leidenschaft sind Menschen jeden Alters. Ich nehme mir gerne Zeit für jeden Einzelnen, um ihnen die Liebe Gottes weiterzugeben.»</span></p>								</div>
				</div>
				<div class="elementor-element elementor-element-307d656 elementor-widget elementor-widget-text-editor" data-id="307d656" data-element_type="widget" data-widget_type="text-editor.default">
				<div class="elementor-widget-container">
									<h2><img decoding="async" class="alignleft wp-image-2112" src="https://oikos-schoetz.ch/wordpress/wp-content/uploads/2025/03/DSCN3655-1024x768.jpg" alt="" width="267" height="200" srcset="https://oikos-schoetz.ch/wordpress/wp-content/uploads/2025/03/DSCN3655-1024x768.jpg 1024w, https://oikos-schoetz.ch/wordpress/wp-content/uploads/2025/03/DSCN3655-300x225.jpg 300w, https://oikos-schoetz.ch/wordpress/wp-content/uploads/2025/03/DSCN3655-768x576.jpg 768w, https://oikos-schoetz.ch/wordpress/wp-content/uploads/2025/03/DSCN3655-1536x1152.jpg 1536w, https://oikos-schoetz.ch/wordpress/wp-content/uploads/2025/03/DSCN3655-2048x1536.jpg 2048w" sizes="(max-width: 267px) 100vw, 267px" />Martin Meyer</h2><h4>Mitglied Leitungsteam</h4><p><span class="textcolor-secondaryColor">«Mich begeistert es, mit meinen Händen und meinem Herz einer Gemeinschaft zu dienen, um die Kraft Gottes sichtbar zu machen.»</span></p>								</div>
				</div>
				<div class="elementor-element elementor-element-634aef2 elementor-widget elementor-widget-text-editor" data-id="634aef2" data-element_type="widget" data-widget_type="text-editor.default">
				<div class="elementor-widget-container">
									<h2><img loading="lazy" decoding="async" class="alignleft wp-image-2114" src="https://oikos-schoetz.ch/wordpress/wp-content/uploads/2025/03/DSCN3667-scaled.jpg" alt="" width="267" height="200" srcset="https://oikos-schoetz.ch/wordpress/wp-content/uploads/2025/03/DSCN3667-scaled.jpg 2560w, https://oikos-schoetz.ch/wordpress/wp-content/uploads/2025/03/DSCN3667-300x225.jpg 300w" sizes="(max-width: 267px) 100vw, 267px" />Simone Meyer</h2><h4>Mitglied Leitungsteam</h4><p><span class="textcolor-secondaryColor">«Die Liebe Gottes mit anderen Menschen zu teilen und göttliche Heilung an Körper, Geist und Seele erfahrbar zu machen ist meine Leidenschaft.»</span></p>								</div>
				</div>
					</div>
				</div>
		<div class="elementor-element elementor-element-067730a e-flex e-con-boxed wpr-particle-no wpr-jarallax-no wpr-parallax-no wpr-sticky-section-no e-con e-parent" data-id="067730a" data-element_type="container">
					<div class="e-con-inner">
				<div class="elementor-element elementor-element-b8c3b74 elementor-widget elementor-widget-heading" data-id="b8c3b74" data-element_type="widget" data-widget_type="heading.default">
				<div class="elementor-widget-container">
					<h2 class="elementor-heading-title elementor-size-default">Mitgründer</h2>				</div>
				</div>
					</div>
				</div>
		<div class="elementor-element elementor-element-0c4ae18 e-flex e-con-boxed wpr-particle-no wpr-jarallax-no wpr-parallax-no wpr-sticky-section-no e-con e-parent" data-id="0c4ae18" data-element_type="container">
					<div class="e-con-inner">
				<div class="elementor-element elementor-element-8276a68 elementor-widget elementor-widget-text-editor" data-id="8276a68" data-element_type="widget" data-widget_type="text-editor.default">
				<div class="elementor-widget-container">
									<h2><img loading="lazy" decoding="async" class="alignleft wp-image-2116" src="https://oikos-schoetz.ch/wordpress/wp-content/uploads/2025/03/20230625_204421-1024x768.jpg" alt="" width="267" height="200" srcset="https://oikos-schoetz.ch/wordpress/wp-content/uploads/2025/03/20230625_204421-1024x768.jpg 1024w, https://oikos-schoetz.ch/wordpress/wp-content/uploads/2025/03/20230625_204421-300x225.jpg 300w, https://oikos-schoetz.ch/wordpress/wp-content/uploads/2025/03/20230625_204421-768x576.jpg 768w, https://oikos-schoetz.ch/wordpress/wp-content/uploads/2025/03/20230625_204421-1536x1152.jpg 1536w, https://oikos-schoetz.ch/wordpress/wp-content/uploads/2025/03/20230625_204421-2048x1536.jpg 2048w" sizes="(max-width: 267px) 100vw, 267px" />Peter &#038; Marcela Johner</h2><h4>Gründungsmitglieder</h4><p>«Die Menschen im Luzerner Hinterland sind die, die uns am nächsten stehen. Mit ihnen wollen wir unsere Liebe für Jesus teilen, damit auch sie eine persönliche Beziehung zu Gott erleben dürfen.»</p>								</div>
				</div>
					</div>
				</div>
				</div>

<p>Das Leitungsteam Daniel Müller-Lutz Pastor &#038; Präsident «Es begeistert mich, die Bibel zu studieren, Gottes wunderbare Pläne für uns zu erforschen und sie ansteckend weiterzugeben.» Shila Müller-Lutz Mitglied Leitungsteam «Meine Leidenschaft sind Menschen jeden Alters. Ich nehme mir gerne Zeit für jeden Einzelnen, um ihnen die Liebe Gottes weiterzugeben.» Martin Meyer Mitglied Leitungsteam «Mich begeistert es, mit meinen Händen und meinem Herz einer Gemeinschaft zu dienen, um die Kraft Gottes sichtbar zu machen.» Simone Meyer Mitglied Leitungsteam «Die Liebe Gottes mit anderen Menschen zu teilen und göttliche Heilung an Körper, Geist und Seele erfahrbar zu machen ist meine Leidenschaft.» Mitgründer Peter &#038; Marcela Johner Gründungsmitglieder «Die Menschen im Luzerner Hinterland sind die, die uns am nächsten stehen. Mit ihnen wollen wir unsere Liebe für Jesus teilen, damit auch sie eine persönliche Beziehung zu Gott erleben dürfen.»</p>
