{"id":2176,"date":"2025-03-09T01:08:33","date_gmt":"2025-03-09T01:08:33","guid":{"rendered":"https:\/\/oikos-schoetz.ch\/wordpress\/?page_id=2176"},"modified":"2025-08-05T14:10:32","modified_gmt":"2025-08-05T14:10:32","slug":"gebets-bibelabend","status":"publish","type":"page","link":"https:\/\/oikos-schoetz.ch\/wordpress\/gebets-bibelabend\/","title":{"rendered":"Gebets &#038; Bibelabend"},"content":{"rendered":"\t\t<div data-elementor-type=\"wp-page\" data-elementor-id=\"2176\" class=\"elementor elementor-2176\" data-elementor-post-type=\"page\">\n\t\t\t\t<div class=\"elementor-element elementor-element-e4d1892 e-flex e-con-boxed wpr-particle-no wpr-jarallax-no wpr-parallax-no wpr-sticky-section-no e-con e-parent\" data-id=\"e4d1892\" data-element_type=\"container\">\n\t\t\t\t\t<div class=\"e-con-inner\">\n\t\t\t\t<div class=\"elementor-element elementor-element-b0d8b35 elementor-widget elementor-widget-heading\" data-id=\"b0d8b35\" data-element_type=\"widget\" data-widget_type=\"heading.default\">\n\t\t\t\t<div class=\"elementor-widget-container\">\n\t\t\t\t\t<h2 class=\"elementor-heading-title elementor-size-default\">Gebetsabend  Bibelabend  Treffpunkt<\/h2>\t\t\t\t<\/div>\n\t\t\t\t<\/div>\n\t\t\t\t\t<\/div>\n\t\t\t\t<\/div>\n\t\t<div class=\"elementor-element elementor-element-8a02361 e-flex e-con-boxed wpr-particle-no wpr-jarallax-no wpr-parallax-no wpr-sticky-section-no e-con e-parent\" data-id=\"8a02361\" data-element_type=\"container\">\n\t\t\t\t\t<div class=\"e-con-inner\">\n\t\t\t\t<div class=\"elementor-element elementor-element-77c780e elementor-widget elementor-widget-text-editor\" data-id=\"77c780e\" data-element_type=\"widget\" data-widget_type=\"text-editor.default\">\n\t\t\t\t<div class=\"elementor-widget-container\">\n\t\t\t\t\t\t\t\t\t<h5 style=\"text-align: center;\">In der <a href=\"https:\/\/oikos-schoetz.ch\/wordpress\/agenda\/\">Agenda<\/a> findest du Infos \u00fcber Datum, Zeit und Ort.<\/h5>\t\t\t\t\t\t\t\t<\/div>\n\t\t\t\t<\/div>\n\t\t\t\t\t<\/div>\n\t\t\t\t<\/div>\n\t\t<div class=\"elementor-element elementor-element-5f1a3e0 e-flex e-con-boxed wpr-particle-no wpr-jarallax-no wpr-parallax-no wpr-sticky-section-no e-con e-parent\" data-id=\"5f1a3e0\" data-element_type=\"container\">\n\t\t\t\t\t<div class=\"e-con-inner\">\n\t\t<div class=\"elementor-element elementor-element-3f8bd62 e-con-full e-flex wpr-particle-no wpr-jarallax-no wpr-parallax-no wpr-sticky-section-no e-con e-child\" data-id=\"3f8bd62\" data-element_type=\"container\">\n\t\t\t\t<div class=\"elementor-element elementor-element-a66537b elementor-widget elementor-widget-image\" data-id=\"a66537b\" data-element_type=\"widget\" data-widget_type=\"image.default\">\n\t\t\t\t<div class=\"elementor-widget-container\">\n\t\t\t\t\t\t\t\t\t\t\t\t\t\t\t<img decoding=\"async\" src=\"https:\/\/oikos-schoetz.ch\/wordpress\/wp-content\/uploads\/elementor\/thumbs\/BibGebTreff003-r6dslviyjua1fomf5v8b8xew9t8k6pzs1lhp4lww74.jpg\" title=\"BibGebTreff003\" alt=\"BibGebTreff003\" loading=\"lazy\" \/>\t\t\t\t\t\t\t\t\t\t\t\t\t\t\t<\/div>\n\t\t\t\t<\/div>\n\t\t\t\t<\/div>\n\t\t<div class=\"elementor-element elementor-element-97b7e0c e-con-full e-flex wpr-particle-no wpr-jarallax-no wpr-parallax-no wpr-sticky-section-no e-con e-child\" data-id=\"97b7e0c\" data-element_type=\"container\">\n\t\t<div class=\"elementor-element elementor-element-8e1edcb e-con-full e-flex wpr-particle-no wpr-jarallax-no wpr-parallax-no wpr-sticky-section-no e-con e-child\" data-id=\"8e1edcb\" data-element_type=\"container\">\n\t\t\t\t<div class=\"elementor-element elementor-element-8f55571 elementor-widget elementor-widget-text-editor\" data-id=\"8f55571\" data-element_type=\"widget\" data-widget_type=\"text-editor.default\">\n\t\t\t\t<div class=\"elementor-widget-container\">\n\t\t\t\t\t\t\t\t\t<h4>Gebetsabend<\/h4><p>An unseren Gebetsabenden\u00a0 beten wir, dass &#171;Dein Reich komme&#187;, wie im Himmel, wo keine Krankheit und keine Not ist, so auch auf Erden, an allen Orten, wo Christus und sein Reich willkommen sind. Pers\u00f6nliche Anliegen haben ebenso Platz wie regionale N\u00f6te. Anbetung geh\u00f6rt auch dazu, denn &#171;Gott wohnt im Lobpreis seines Volkes&#187; (Psalm 22,4). Der Abend ist offen f\u00fcr alle, die gerne teilnehmen m\u00f6chten.<\/p>\t\t\t\t\t\t\t\t<\/div>\n\t\t\t\t<\/div>\n\t\t\t\t<\/div>\n\t\t<div class=\"elementor-element elementor-element-3c01b87 e-con-full e-flex wpr-particle-no wpr-jarallax-no wpr-parallax-no wpr-sticky-section-no e-con e-child\" data-id=\"3c01b87\" data-element_type=\"container\">\n\t\t\t\t<div class=\"elementor-element elementor-element-2ca62af elementor-widget elementor-widget-text-editor\" data-id=\"2ca62af\" data-element_type=\"widget\" data-widget_type=\"text-editor.default\">\n\t\t\t\t<div class=\"elementor-widget-container\">\n\t\t\t\t\t\t\t\t\t<h4>Bibelabend<\/h4><p>An unseren\u00a0 Bibelabenden\u00a0 studieren wir systematisch einzelne B\u00fccher oder Themen der Bibel. Je nach L\u00e4nge des Buches dauert es von wenigen Wochen bis zu mehreren Monaten.<\/p><p>Die Bibelstunden finden auf Deutsch oder Schweizerdeutsch statt, \u00dcbersetzung in andere Sprachen wird nicht angeboten. Wer Interesse hat, ist herzlich eingeladen.<\/p>\t\t\t\t\t\t\t\t<\/div>\n\t\t\t\t<\/div>\n\t\t\t\t<div class=\"elementor-element elementor-element-5725f2a elementor-widget elementor-widget-text-editor\" data-id=\"5725f2a\" data-element_type=\"widget\" data-widget_type=\"text-editor.default\">\n\t\t\t\t<div class=\"elementor-widget-container\">\n\t\t\t\t\t\t\t\t\t<h4 style=\"text-align: left;\">Treffpunkt<\/h4><p>Der Treffpunkt im Oikos ist ein gegenseitiger Austausch. Wir besprechen die vergangene Predigt, pers\u00f6nliche Fragen und Anliegen im Leben und in der Beziehung mit Gott.<\/p><p>Es darf auch mal ein Bibelvers sein, bei dem wir auf die Suche gehen, was er f\u00fcr dich pers\u00f6nlich bedeutet. Was am Treffpunkt erz\u00e4hlt oder getailt wird bleibt im Treffpunkt. Es gilt eine Schweigepflicht.<\/p><p>Ein weiterer Treffpunkt tags\u00fcber an einem anderen Wochentag in der Privatwohnung ist im Aufbau. Ineressenten melden sich beim Pastor.<\/p>\t\t\t\t\t\t\t\t<\/div>\n\t\t\t\t<\/div>\n\t\t\t\t<\/div>\n\t\t\t\t<\/div>\n\t\t\t\t\t<\/div>\n\t\t\t\t<\/div>\n\t\t\t\t<\/div>\n\t\t","protected":false},"excerpt":{"rendered":"<p>Gebetsabend Bibelabend Treffpunkt In der Agenda findest du Infos \u00fcber Datum, Zeit und Ort. Gebetsabend An unseren Gebetsabenden\u00a0 beten wir, dass &#171;Dein Reich komme&#187;, wie im Himmel, wo keine Krankheit und keine Not ist, so auch auf Erden, an allen Orten, wo Christus und sein Reich willkommen sind. Pers\u00f6nliche Anliegen haben ebenso Platz wie regionale N\u00f6te. Anbetung geh\u00f6rt auch dazu, denn &#171;Gott wohnt im Lobpreis seines Volkes&#187; (Psalm 22,4). Der Abend ist offen f\u00fcr alle, die gerne teilnehmen m\u00f6chten. Bibelabend An unseren\u00a0 Bibelabenden\u00a0 studieren wir systematisch einzelne B\u00fccher oder Themen der Bibel. Je nach L\u00e4nge des Buches dauert es von wenigen Wochen bis zu mehreren Monaten. Die Bibelstunden finden auf Deutsch oder Schweizerdeutsch statt, \u00dcbersetzung in andere Sprachen wird nicht angeboten. Wer Interesse hat, ist herzlich eingeladen. Treffpunkt Der Treffpunkt im Oikos ist ein gegenseitiger Austausch. Wir besprechen die vergangene Predigt, pers\u00f6nliche Fragen und Anliegen im Leben und in der Beziehung mit Gott. Es darf auch mal ein Bibelvers sein, bei dem wir auf die Suche gehen, was er f\u00fcr dich pers\u00f6nlich bedeutet. Was am Treffpunkt erz\u00e4hlt oder getailt wird bleibt im Treffpunkt. Es gilt eine Schweigepflicht. Ein weiterer Treffpunkt tags\u00fcber an einem anderen Wochentag in der Privatwohnung ist im Aufbau. Ineressenten melden sich beim Pastor.<\/p>\n","protected":false},"author":1,"featured_media":0,"parent":0,"menu_order":0,"comment_status":"closed","ping_status":"closed","template":"elementor_canvas","meta":{"footnotes":""},"class_list":["post-2176","page","type-page","status-publish","hentry"],"_links":{"self":[{"href":"https:\/\/oikos-schoetz.ch\/wordpress\/wp-json\/wp\/v2\/pages\/2176","targetHints":{"allow":["GET"]}}],"collection":[{"href":"https:\/\/oikos-schoetz.ch\/wordpress\/wp-json\/wp\/v2\/pages"}],"about":[{"href":"https:\/\/oikos-schoetz.ch\/wordpress\/wp-json\/wp\/v2\/types\/page"}],"author":[{"embeddable":true,"href":"https:\/\/oikos-schoetz.ch\/wordpress\/wp-json\/wp\/v2\/users\/1"}],"replies":[{"embeddable":true,"href":"https:\/\/oikos-schoetz.ch\/wordpress\/wp-json\/wp\/v2\/comments?post=2176"}],"version-history":[{"count":22,"href":"https:\/\/oikos-schoetz.ch\/wordpress\/wp-json\/wp\/v2\/pages\/2176\/revisions"}],"predecessor-version":[{"id":2357,"href":"https:\/\/oikos-schoetz.ch\/wordpress\/wp-json\/wp\/v2\/pages\/2176\/revisions\/2357"}],"wp:attachment":[{"href":"https:\/\/oikos-schoetz.ch\/wordpress\/wp-json\/wp\/v2\/media?parent=2176"}],"curies":[{"name":"wp","href":"https:\/\/api.w.org\/{rel}","templated":true}]}}

<div data-elementor-type="wp-page" data-elementor-id="2176" class="elementor elementor-2176" data-elementor-post-type="page">
				<div class="elementor-element elementor-element-e4d1892 e-flex e-con-boxed wpr-particle-no wpr-jarallax-no wpr-parallax-no wpr-sticky-section-no e-con e-parent" data-id="e4d1892" data-element_type="container">
					<div class="e-con-inner">
				<div class="elementor-element elementor-element-b0d8b35 elementor-widget elementor-widget-heading" data-id="b0d8b35" data-element_type="widget" data-widget_type="heading.default">
				<div class="elementor-widget-container">
					<h2 class="elementor-heading-title elementor-size-default">Gebetsabend  Bibelabend  Treffpunkt</h2>				</div>
				</div>
					</div>
				</div>
		<div class="elementor-element elementor-element-8a02361 e-flex e-con-boxed wpr-particle-no wpr-jarallax-no wpr-parallax-no wpr-sticky-section-no e-con e-parent" data-id="8a02361" data-element_type="container">
					<div class="e-con-inner">
				<div class="elementor-element elementor-element-77c780e elementor-widget elementor-widget-text-editor" data-id="77c780e" data-element_type="widget" data-widget_type="text-editor.default">
				<div class="elementor-widget-container">
									<h5 style="text-align: center;">In der <a href="https://oikos-schoetz.ch/wordpress/agenda/">Agenda</a> findest du Infos über Datum, Zeit und Ort.</h5>								</div>
				</div>
					</div>
				</div>
		<div class="elementor-element elementor-element-5f1a3e0 e-flex e-con-boxed wpr-particle-no wpr-jarallax-no wpr-parallax-no wpr-sticky-section-no e-con e-parent" data-id="5f1a3e0" data-element_type="container">
					<div class="e-con-inner">
		<div class="elementor-element elementor-element-3f8bd62 e-con-full e-flex wpr-particle-no wpr-jarallax-no wpr-parallax-no wpr-sticky-section-no e-con e-child" data-id="3f8bd62" data-element_type="container">
				<div class="elementor-element elementor-element-a66537b elementor-widget elementor-widget-image" data-id="a66537b" data-element_type="widget" data-widget_type="image.default">
				<div class="elementor-widget-container">
															<img decoding="async" src="https://oikos-schoetz.ch/wordpress/wp-content/uploads/elementor/thumbs/BibGebTreff003-r6dslviyjua1fomf5v8b8xew9t8k6pzs1lhp4lww74.jpg" title="BibGebTreff003" alt="BibGebTreff003" loading="lazy" />															</div>
				</div>
				</div>
		<div class="elementor-element elementor-element-97b7e0c e-con-full e-flex wpr-particle-no wpr-jarallax-no wpr-parallax-no wpr-sticky-section-no e-con e-child" data-id="97b7e0c" data-element_type="container">
		<div class="elementor-element elementor-element-8e1edcb e-con-full e-flex wpr-particle-no wpr-jarallax-no wpr-parallax-no wpr-sticky-section-no e-con e-child" data-id="8e1edcb" data-element_type="container">
				<div class="elementor-element elementor-element-8f55571 elementor-widget elementor-widget-text-editor" data-id="8f55571" data-element_type="widget" data-widget_type="text-editor.default">
				<div class="elementor-widget-container">
									<h4>Gebetsabend</h4><p>An unseren Gebetsabenden  beten wir, dass &#171;Dein Reich komme&#187;, wie im Himmel, wo keine Krankheit und keine Not ist, so auch auf Erden, an allen Orten, wo Christus und sein Reich willkommen sind. Persönliche Anliegen haben ebenso Platz wie regionale Nöte. Anbetung gehört auch dazu, denn &#171;Gott wohnt im Lobpreis seines Volkes&#187; (Psalm 22,4). Der Abend ist offen für alle, die gerne teilnehmen möchten.</p>								</div>
				</div>
				</div>
		<div class="elementor-element elementor-element-3c01b87 e-con-full e-flex wpr-particle-no wpr-jarallax-no wpr-parallax-no wpr-sticky-section-no e-con e-child" data-id="3c01b87" data-element_type="container">
				<div class="elementor-element elementor-element-2ca62af elementor-widget elementor-widget-text-editor" data-id="2ca62af" data-element_type="widget" data-widget_type="text-editor.default">
				<div class="elementor-widget-container">
									<h4>Bibelabend</h4><p>An unseren  Bibelabenden  studieren wir systematisch einzelne Bücher oder Themen der Bibel. Je nach Länge des Buches dauert es von wenigen Wochen bis zu mehreren Monaten.</p><p>Die Bibelstunden finden auf Deutsch oder Schweizerdeutsch statt, Übersetzung in andere Sprachen wird nicht angeboten. Wer Interesse hat, ist herzlich eingeladen.</p>								</div>
				</div>
				<div class="elementor-element elementor-element-5725f2a elementor-widget elementor-widget-text-editor" data-id="5725f2a" data-element_type="widget" data-widget_type="text-editor.default">
				<div class="elementor-widget-container">
									<h4 style="text-align: left;">Treffpunkt</h4><p>Der Treffpunkt im Oikos ist ein gegenseitiger Austausch. Wir besprechen die vergangene Predigt, persönliche Fragen und Anliegen im Leben und in der Beziehung mit Gott.</p><p>Es darf auch mal ein Bibelvers sein, bei dem wir auf die Suche gehen, was er für dich persönlich bedeutet. Was am Treffpunkt erzählt oder getailt wird bleibt im Treffpunkt. Es gilt eine Schweigepflicht.</p><p>Ein weiterer Treffpunkt tagsüber an einem anderen Wochentag in der Privatwohnung ist im Aufbau. Ineressenten melden sich beim Pastor.</p>								</div>
				</div>
				</div>
				</div>
					</div>
				</div>
				</div>

<p>Gebetsabend Bibelabend Treffpunkt In der Agenda findest du Infos über Datum, Zeit und Ort. Gebetsabend An unseren Gebetsabenden  beten wir, dass &#171;Dein Reich komme&#187;, wie im Himmel, wo keine Krankheit und keine Not ist, so auch auf Erden, an allen Orten, wo Christus und sein Reich willkommen sind. Persönliche Anliegen haben ebenso Platz wie regionale Nöte. Anbetung gehört auch dazu, denn &#171;Gott wohnt im Lobpreis seines Volkes&#187; (Psalm 22,4). Der Abend ist offen für alle, die gerne teilnehmen möchten. Bibelabend An unseren  Bibelabenden  studieren wir systematisch einzelne Bücher oder Themen der Bibel. Je nach Länge des Buches dauert es von wenigen Wochen bis zu mehreren Monaten. Die Bibelstunden finden auf Deutsch oder Schweizerdeutsch statt, Übersetzung in andere Sprachen wird nicht angeboten. Wer Interesse hat, ist herzlich eingeladen. Treffpunkt Der Treffpunkt im Oikos ist ein gegenseitiger Austausch. Wir besprechen die vergangene Predigt, persönliche Fragen und Anliegen im Leben und in der Beziehung mit Gott. Es darf auch mal ein Bibelvers sein, bei dem wir auf die Suche gehen, was er für dich persönlich bedeutet. Was am Treffpunkt erzählt oder getailt wird bleibt im Treffpunkt. Es gilt eine Schweigepflicht. Ein weiterer Treffpunkt tagsüber an einem anderen Wochentag in der Privatwohnung ist im Aufbau. Ineressenten melden sich beim Pastor.</p>
